 divisor of 3776 and 59.
59
What is the highest common divisor of 25012 and 37?
37
Calculate the greatest common factor of 52 and 8164.
52
What is the highest common factor of 22 and 2992?
22
Calculate the greatest common factor of 1558 and 190.
38
What is the highest common factor of 531 and 118?
59
What is the greatest common divisor of 30866 and 244?
122
What is the highest common factor of 104 and 8?
8
Calculate the highest common divisor of 435 and 261.
87
Calculate the greatest common divisor of 72 and 45.
9
Calculate the highest common factor of 1872 and 36.
36
Calculate the greatest common factor of 8 and 544.
8
What is the greatest common factor of 126 and 19194?
42
Calculate the greatest common factor of 57202 and 74.
74
Calculate the highest common divisor of 6 and 42.
6
Calculate the greatest common divisor of 10 and 165.
5
Calculate the highest common divisor of 37856 and 448.
224
What is the greatest common divisor of 140 and 2240?
140
What is the greatest common factor of 100 and 80?
20
Calculate the greatest common factor of 48 and 51.
3
What is the highest common factor of 1170 and 306?
18
What is the greatest common factor of 90 and 36?
18
What is the greatest common divisor of 2991 and 18?
3
Calculate the greatest common factor of 77 and 14.
7
What is the greatest common divisor of 10 and 215?
5
What is the greatest common divisor of 975 and 12?
3
What is the greatest common divisor of 7 and 10689?
7
What is the highest common factor of 216 and 27?
27
What is the greatest common factor of 33 and 11000?
11
Calculate the highest common divisor of 30 and 9855.
15
Calculate the highest common factor of 13 and 163.
1
Calculate the greatest common factor of 5274 and 54.
18
What is the greatest common factor of 84 and 8652?
84
Calculate the greatest common divisor of 208 and 8.
8
Calculate the highest common factor of 53 and 53.
53
Calculate the highest common factor of 126 and 56.
14
What is the highest common factor of 618 and 6?
6
Calculate the highest common divisor of 32 and 26.
2
Calculate the greatest common divisor of 10309 and 61.
61
Calculate the highest common divisor of 2120 and 2.
2
What is the greatest common factor of 78 and 4641?
39
Calculate the greatest common divisor of 40 and 180.
20
What is the highest common divisor of 196 and 49?
49
What is the greatest common divisor of 616 and 88?
88
Calculate the greatest common divisor of 51 and 5542.
17
What is the greatest common factor of 2275 and 13?
13
What is the highest common divisor of 3478 and 376?
94
What is the greatest common factor of 49 and 1323?
49
What is the greatest common factor of 32 and 35744?
32
Calculate the highest common factor of 252 and 106092.
252
Calculate the highest common factor of 270 and 1800.
90
What is the greatest common factor of 50 and 380?
10
What is the highest common factor of 675 and 81?
27
What is the highest common factor of 605 and 2783?
121
What is the greatest common divisor of 128 and 4?
4
Calculate the greatest common divisor of 2187 and 567.
81
What is the highest common factor of 50 and 65?
5
Calculate the greatest common factor of 234 and 130.
26
Calculate the greatest common divisor of 4 and 8.
4
What is the highest common factor of 1225 and 49?
49
What is the greatest common factor of 248 and 232?
8
What is the highest common factor of 213 and 1846?
71
What is the highest common factor of 312 and 48?
24
Calculate the highest common divisor of 6395 and 15.
5
Calculate the highest common factor of 24 and 312.
24
Calculate the highest common factor of 1485 and 35.
5
Calculate the greatest common factor of 396 and 8448.
132
What is the highest common factor of 2652 and 34?
34
Calculate the highest common factor of 8509 and 127.
127
Calculate the highest common factor of 126 and 81.
9
What is the greatest common factor of 180 and 1530?
90
Calculate the greatest common divisor of 720 and 96.
48
What is the greatest common divisor of 12 and 708?
12
What is the greatest common divisor of 1472 and 460?
92
Calculate the highest common divisor of 52 and 624.
52
What is the highest common divisor of 21 and 1407?
21
What is the greatest common factor of 44 and 77?
11
Calculate the greatest common factor of 13268 and 107.
107
Calculate the highest common divisor of 27 and 1179.
9
What is the greatest common factor of 81 and 153?
9
What is the greatest common factor of 61 and 3843?
61
Calculate the greatest common divisor of 13 and 26988.
13
Calculate the highest common factor of 698 and 28967.
349
Calculate the highest common divisor of 28 and 49868.
28
What is the highest common factor of 40 and 220?
20
What is the highest common divisor of 12 and 172?
4
Calculate the greatest common factor of 2325 and 93.
93
What is the greatest common divisor of 34 and 124?
2
Calculate the highest common divisor of 30 and 138.
6
Calculate the highest common divisor of 49 and 14.
7
What is the highest common divisor of 9112 and 544?
136
Calculate the highest common divisor of 14 and 606.
2
What is the greatest common divisor of 420 and 245?
35
Calculate the highest common factor of 126 and 6084.
18
Calculate the greatest common factor of 60 and 336.
12
What is the greatest common factor of 184 and 32?
8
What is the highest common divisor of 16 and 1712?
16
Calculate the highest common divisor of 105 and 595.
35
Calculate the highest common divisor of 1255 and 15.
5
What is the highest common divisor of 80 and 2020?
20
What is the greatest common divisor of 858 and 1518?
66
Calculate the highest common divisor of 8 and 40.
8
Calculate the highest common factor of 4599 and 63.
63
Calculate the greatest common divisor of 2097 and 9.
9
What is the highest common factor of 248 and 8?
8
Calculate the greatest common divisor of 291 and 1552.
97
What is the greatest common divisor of 770 and 1265?
55
What is the greatest common factor of 11 and 1133?
11
Calculate the highest common factor of 1173 and 51.
51
What is the highest common divisor of 770 and 84?
14
Calculate the highest common factor of 250 and 365.
5
What is the greatest common divisor of 3162 and 31?
31
Calculate the greatest common divisor of 15707 and 139.
139
What is the greatest common divisor of 2544 and 32?
16
What is the greatest common divisor of 375 and 15?
15
What is the greatest common factor of 1116 and 124?
124
What is the highest common divisor of 52 and 1950?
26
What is the highest common factor of 220 and 20?
20
What is the highest common factor of 264 and 18?
6
Calculate the highest common factor of 294 and 98.
98
Calculate the highest common factor of 14 and 33362.
14
Calculate the greatest common divisor of 2940 and 147.
147
What is the highest common divisor of 6 and 831?
3
Calculate the highest common factor of 4164 and 84.
12
What is the highest common factor of 1521 and 234?
117
What is the highest common divisor of 203 and 1363?
29
Calculate the highest common factor of 576 and 32.
32
What is the greatest common divisor of 420 and 1575?
105
Calculate the highest common divisor of 1375 and 375.
125
What is the highest common divisor of 406 and 210?
14
What is the greatest common divisor of 1517 and 41?
41
Calculate the highest common divisor of 21088 and 32.
32
What is the highest common divisor of 140 and 9800?
140
Calculate the highest common factor of 12 and 9228.
12
Calculate the highest common divisor of 817 and 2603.
19
Calculate the highest common factor of 70 and 1715.
35
What is the highest common divisor of 44 and 572?
44
What is the greatest common factor of 58 and 8?
2
What is the greatest common divisor of 46 and 5336?
46
What is the greatest common divisor of 423 and 333?
9
Calculate the highest common factor of 475 and 80.
5
What is the highest common divisor of 66 and 14?
2
What is the greatest common factor of 54 and 30?
6
What is the highest common divisor of 522 and 232?
58
Calculate the highest common divisor of 16 and 34.
2
Calculate the highest common factor of 1195 and 10.
5
Calculate the greatest common divisor of 29 and 1044.
29
What is the highest common divisor of 8 and 76?
4
Calculate the greatest common factor of 304 and 3686.
38
What is the highest common factor of 131 and 131?
131
What is the highest common divisor of 1080 and 32?
8